 units digit of s(5)?
1
Suppose 4*z - 60 = -0*z. What is the units digit of ((-10)/z)/(2/(-147))?
9
What is the hundreds digit of (-6)/7*86/129*-707?
4
Let d be ((-3)/(-3) - (-3)/(-3))/1. Suppose -w + 40 = 2*z - 0*z, -w - 5*z + 34 = d. What is the units digit of w?
4
Let a(w) = w**2 - 12*w + 7. Let c be a(9). Let l = 6 - c. What is the units digit of l?
6
Let q(w) = 1045*w - 97. What is the hundreds digit of q(1)?
9
Let s(x) = x**3 - 2*x**2 - 7*x - 2. Let p be s(4). What is the units digit of ((-109)/p)/((-1)/2)?
9
Let x(w) = -2*w**2 + 8*w - 3. Let d be x(3). Let j be (-6 + 3 - -1)*-9. Suppose -156 = -d*p - j. What is the units digit of p?
6
What is the tens digit of (-4264)/(-8) - (20/(-4) + 1)?
3
Let q = 1014 - 198. What is the hundreds digit of q?
8
Let i(x) = x**3 + 13*x**2 + 11*x - 2. What is the hundreds digit of i(-5)?
1
Suppose 6*b - 25 = b, 0 = 4*k - 3*b - 33. Suppose 10*r = k*r - 66. What is the tens digit of r?
3
Let n(g) = g**3 - 15*g**2 - 16*g - 9. Let i be n(16). Let p(x) = -49*x - 17. Let k be p(i). What is the units digit of k/14 - 4/14?
0
Suppose -t + 20 = t. Suppose 0 = 4*s - t - 2. Suppose -z = -3*o - 29, -4*z - 5*o = -s - 45. What is the units digit of z?
7
Let v(c) = 9*c**3 - c**2 + 3*c - 11. What is the tens digit of v(3)?
3
Suppose -2*l - 3*l + 1735 = 0. What is the hundreds digit of l?
3
Let t(m) = m - 8 + 11 + 8. Let n = -17 - -25. What is the tens digit of t(n)?
1
Let g(x) = x**3 - 5*x**2 - 3*x - 3. Let y = 15 - 18. Let j be g(y). Let t = -45 - j. What is the tens digit of t?
2
Suppose 0*i = i + 9. Let f = -4 - i. Suppose 0 = f*w - 25, 3*l - 2*w = 2*w + 31. What is the tens digit of l?
1
Let a = 9 + -5. Suppose 0 = -0*t - a*t. Suppose -d + 16 - 8 = t. What is the units digit of d?
8
Let k(y) = 3*y**2 + 6*y - 2. Let r be k(-3). Let p(a) = a + r + 3*a - 5*a. What is the units digit of p(6)?
1
Let y be (84/90*-3)/((-3)/30). What is the units digit of y/(-6)*(-3 - 12)?
0
Let y(m) = m**2 - 3*m + 5. Let n be y(2). Suppose -331 = -5*l - n*f - 128, -5*f + 85 = 2*l. What is the units digit of l?
0
Suppose 6*i - c = i + 7756, 5*c = -5*i + 7780. What is the thousands digit of i?
1
Let b(z) = -10*z + 3. Let q be b(4). Let i = q - -28. What is the tens digit of (-542)/i - (-2)/(-9)?
6
Let r(d) = 79*d**2 + 8*d - 34. What is the thousands digit of r(4)?
1
Suppose 0 = -0*v - v - 4, 5*s - 4*v - 121 = 0. Let t = -26 + s. What is the tens digit of (-49 - t)/((-4)/2)?
2
Let p = 483 + -98. What is the tens digit of p?
8
Suppose -4*w + 2*z = -1762, -49*z + 54*z + 1325 = 3*w. What is the tens digit of w?
4
Let c(p) = p**2 + 14*p + 292. What is the thousands digit of c(56)?
4
What is the tens digit of (-5)/((-10)/186) - -3?
9
Let x = 5 + 0. Let q be (-18)/(-30) - 3/x. What is the tens digit of 47 - -3 - (q + 3)?
4
Suppose 0 = 5*n, -2*l - 5*n = -4*n - 4. Let b be ((-3)/l)/((-1)/2). Suppose -s - b*s = -112. What is the units digit of s?
8
Let m(c) = 36*c**2 - 54*c - 369. What is the thousands digit of m(-8)?
2
Suppose 0 = 2*i + 5*t + 11, 5*i - 30 = -t - 0*t. Suppose -729 - 720 = -i*p. What is the tens digit of p?
0
Suppose 0 = 432*l - 428*l - 8. Let f(w) be the third derivative of w**5/10 + w**4/24 + w**3/6 - w**2. What is the tens digit of f(l)?
2
Let t be 0 - -252 - (-5 - -5). What is the units digit of (t/(-16))/((-9)/24)?
2
Let a(l) = 2*l**3 - 43*l**2 + 14*l + 2. What is the tens digit of a(22)?
9
Let p(q) = -2*q**3 + 6*q**2 - 3*q + 3. Let d be p(4). Let j = d - -43. What is the units digit of j?
2
Suppose 100*c - 3488 = 98*c. What is the hundreds digit of c?
7
What is the hundreds digit of (-7 - (-45)/6)*(-1 + 1155)?
5
Let m(j) = j**2 + 6*j - 7. Let z be m(-7). Suppose -t + 52 + 94 = z. Let d = t - 104. What is the tens digit of d?
4
Let t = 53 + -87. Let v = t + 135. What is the tens digit of v?
0
Let y(n) = -23 - 13 + 48 + n + 0*n. Suppose 0 = -2*r - 7 - 5. What is the units digit of y(r)?
6
Suppose 2*u + 22 = -2*k - 2*k, -3*u + 4*k = 33. Let i(a) = -17*a - 10. What is the units digit of i(u)?
7
Let i(n) = -55*n - 4. Let p(v) = 111*v + 9. Let j(u) = 5*i(u) + 2*p(u). Let k be j(-2). Suppose -5*s + 0 = -5, 0 = 5*l + 4*s - k. What is the units digit of l?
0
Suppose -5*m + 13 = r - 15, -3*r = 4*m - 29. Let s be 74/8 - 1/4. Suppose -s*v + r*v = -228. What is the units digit of v?
8
Let b = 12 - 8. Let r be (-9)/3 + (2 - b). What is the units digit of -1 + 1 + (r - -32)?
7
Let f(w) = -12 + 3*w + w + 53*w**3 - w - 8*w**2 - 54*w**3. What is the tens digit of f(-10)?
5
Suppose -38*k + 6420 = -32*k. What is the thousands digit of k?
1
Let k(l) = l + 4. Let n be k(10). Let w = n + -6. Let z = 11 + w. What is the units digit of z?
9
Let t(c) = 20*c - 6. Let n be t(3). Let o be (n/(-21))/((-4)/(-56)). Let v = -7 - o. What is the tens digit of v?
2
Suppose 0 = -4*v + k + 128, 0*v + 2*v = -k + 58. What is the tens digit of v?
3
Suppose 0 = -5*s + m + 9, -6*s + s - 5*m = -15. Suppose 6 = s*y, 9*y = 2*z + 13*y - 334. What is the tens digit of z?
6
Let q = -896 + 1341. What is the hundreds digit of q?
4
Suppose 4*j + 67 + 85 = 0. Suppose -288 = -5*o - 4*h, 2*o - 38 - 64 = 5*h. Let c = j + o. What is the units digit of c?
8
Let g(f) = -2*f + 16 + 7*f - f - 37. What is the tens digit of g(8)?
1
Let m = 4 - -38. Let y be (-49)/m - (-2)/12. What is the tens digit of y - -29 - 0/2?
2
Let f(s) = 119*s**2 - 62*s + 11. What is the thousands digit of f(7)?
5
What is the tens digit of -6*5/135 + (-15556)/(-18)?
6
Let u = -954 - -1808. What is the units digit of u?
4
Suppose -n - 2*b + 143 = 0, -27 = -2*n - 5*b + 263. What is the units digit of n?
5
Let g(p) = 7*p - 5. Let j be g(13). Suppose 5*x - 78 = -4*c, 5*x = 3*c - j + 10. What is the tens digit of c?
2
Let i(x) = -22*x + 167. What is the units digit of i(-16)?
9
Let j(z) = 5*z**2 + 10*z + 17. Let q(a) = -2*a - 20. Let o be q(-14). Let k(d) = 2*d**2 + 3*d + 6. Let r(y) = o*k(y) - 3*j(y). What is the tens digit of r(8)?
1
Let r be (0 + 2 - 1)*2. Suppose -r = -f + 18. Let j = f + -15. What is the units digit of j?
5
Suppose 4*y - 11 = -n - 0*n, -5*y + 13 = n. What is the tens digit of 1038/10 - 1 - y/(-10)?
0
Let c(m) = 6*m - 9. Let l(a) = a**2 + 16*a + 17. Let n be l(-15). What is the units digit of c(n)?
3
Suppose 2*c = -6*x + x + 3311, 2660 = 4*x - 4*c. Let b = x + -383. What is the tens digit of b?
8
Let c = 6191 - 1406. What is the thousands digit of c?
4
Suppose -2*x = -5*l + 1253, x - 16 = 5*x. What is the tens digit of l?
4
Let u(h) = -h**3 + 5*h**2 + h + 3. Suppose 0 = -3*r + 3, 2*r = -5*c + r + 21. What is the units digit of u(c)?
3
Suppose -783 - 405 = -6*j. Suppose j + 274 = 4*k. What is the tens digit of k?
1
Suppose 3358 - 8662 = -6*z. What is the units digit of z?
4
What is the units digit of (-3)/(-5) + 12/30 + 416?
7
What is the hundreds digit of 6 + -5 - -377 - 0?
3
What is the tens digit of (6005/(-150) - 4/24)*-55?
1
Suppose -z - 3336 = -2*v, 4*z = -3*v - z + 4978. What is the thousands digit of v?
1
Suppose -7*l + 4*l + 3*v + 555 = 0, 0 = -4*l + 5*v + 745. What is the units digit of l?
0
Let s(c) = c**2 + 6*c - 8. Let j be s(2). What is the units digit of (6 - j)*(-103)/2?
3
Let z(w) = 35*w**3 + 5*w**2 - 7*w + 4. Let i = -139 + 141. What is the tens digit of z(i)?
9
Let i be 3 - 2/(8/12). Suppose -2*g + 14 = 2*g - 2*d, i = 5*g - 3*d - 19. What is the units digit of g?
2
Let v = 2 - 2. Let p be -1 - 1 - (-42 - v). Suppose 75 + p = 5*q. What is the units digit of q?
3
Let j(s) = -s**2 + 19*s + 4. Let k(n) = -n**3 - 5*n**2 - 2*n + 5. Let b be k(-5). What is the units digit of j(b)?
4
Let n be ((-2)/6)/((-2)/24). Suppose n*z - 8 = -128. Let q = -12 - z. What is the units digit of q?
8
Suppose -29484 = -17*g - 3763. What is the hundreds digit of g?
5
Let a(g) = 1 + g**2 - 4*g + 2*g - 15*g + 3*g**2. What is the units digit of a(7)?
8
Suppose -24*x - 3256 = -3*i - 20*x, 4*i - 4328 = 2*x. What is the units digit of i?
0
Let z be (8/5)/((-12)/870). Let y = 59 - z. What is the units digit of y?
5
Let n be 0/((-5)/(5/2)). Suppose 3*q + 58 = -5*z - n*z, -z + 3*q - 26 = 0. Let d = z + 20. What is the units digit of d?
6
What is the hundreds digit of ((-18)/4)/((-8)/1168)?
6
Let j(a) = a + 9. Let u be j(-8). Let x(q) = -q**2 + q. Let d(v) = 38*v**2 - 3*v + 1. Let b(s) = d(s) + 2*x(s). What is the un